{"id":13,"date":"2017-05-17T13:02:18","date_gmt":"2017-05-17T10:02:18","guid":{"rendered":"http:\/\/konifloor.dev.trival.fi\/?page_id=13"},"modified":"2026-01-27T11:09:51","modified_gmt":"2026-01-27T09:09:51","slug":"yhteystiedot","status":"publish","type":"page","link":"https:\/\/www.konifloor.fi\/?page_id=13","title":{"rendered":"Yhteystiedot"},"content":{"rendered":"<p>[et_pb_section fb_built=&#8221;1&#8243; admin_label=&#8221;section&#8221; _builder_version=&#8221;4.16&#8243; global_colors_info=&#8221;{}&#8221;][et_pb_row column_structure=&#8221;1_2,1_2&#8243; admin_label=&#8221;row&#8221; _builder_version=&#8221;4.21.0&#8243; background_size=&#8221;initial&#8221; background_position=&#8221;top_left&#8221; background_repeat=&#8221;repeat&#8221; global_colors_info=&#8221;{}&#8221;][et_pb_column type=&#8221;1_2&#8243; _builder_version=&#8221;4.16&#8243; custom_padding=&#8221;|||&#8221; global_colors_info=&#8221;{}&#8221; custom_padding__hover=&#8221;|||&#8221;][et_pb_text _builder_version=&#8221;4.21.0&#8243; _module_preset=&#8221;default&#8221; border_width_bottom=&#8221;1px&#8221; border_color_bottom=&#8221;#058bd1&#8243; global_colors_info=&#8221;{}&#8221;]<\/p>\n<h1>Koni floor Oy<\/h1>\n<p>[\/et_pb_text][et_pb_text admin_label=&#8221;Text&#8221; _builder_version=&#8221;4.21.0&#8243; text_text_color=&#8221;#000000&#8243; link_text_color=&#8221;#000000&#8243; background_size=&#8221;initial&#8221; background_position=&#8221;top_left&#8221; background_repeat=&#8221;repeat&#8221; hover_enabled=&#8221;0&#8243; global_colors_info=&#8221;{}&#8221; sticky_enabled=&#8221;0&#8243;]<\/p>\n<div id=\"pl-13\" class=\"panel-layout\">\n<div id=\"pg-13-0\" class=\"panel-grid panel-no-style\" data-style=\"{&quot;background_display&quot;:&quot;tile&quot;,&quot;cell_alignment&quot;:&quot;flex-start&quot;}\">\n<div id=\"pgc-13-0-0\" class=\"panel-grid-cell\" data-weight=\"0.38196600790794\">\n<div id=\"panel-13-0-0-0\" class=\"so-panel widget widget_text panel-first-child panel-last-child\" data-index=\"0\" data-style=\"{&quot;background_display&quot;:&quot;tile&quot;}\">\n<div class=\"textwidget\">\n<p>K\u00e4yntiosoite: Karsolantie 14, 32210 Loimaa<\/p>\n<p>Puhelin 040 151 7752<br \/>\n<a  href=\"mailto:niko.sainio@konifloor.fi\">niko.sainio@konifloor.fi<\/a><\/p>\n<p>Otamme vastaan ainoastaan verkkolaskuja. Alla olevasta linkist\u00e4 l\u00f6ytyy verkkolaskutustiedot<br \/>\n<a style=\"background-color:#4485eb; padding:5px; border-radius:5px; color:white !important;\" href=\"https:\/\/www.konifloor.fi\/wp-content\/uploads\/2026\/01\/Koni-Floor-verkkolaskuosoite.pdf\">Verkkolaskutiedot<\/a><\/p>\n<\/div>\n<\/div>\n<\/div>\n<\/div>\n<\/div>\n<p>[\/et_pb_text][et_pb_code _builder_version=&#8221;4.21.0&#8243; _module_preset=&#8221;default&#8221; global_colors_info=&#8221;{}&#8221;]\n<div class=\"wpcf7 no-js\" id=\"wpcf7-f20-o1\" lang=\"fi\" dir=\"ltr\" data-wpcf7-id=\"20\">\n<div class=\"screen-reader-response\"><p role=\"status\" aria-live=\"polite\" aria-atomic=\"true\"><\/p> <ul><\/ul><\/div>\n<form action=\"\/index.php?rest_route=%2Fwp%2Fv2%2Fpages%2F13#wpcf7-f20-o1\" method=\"post\" class=\"wpcf7-form init\" aria-label=\"Yhteydenottolomake\" novalidate=\"novalidate\" data-status=\"init\">\n<fieldset class=\"hidden-fields-container\"><input type=\"hidden\" name=\"_wpcf7\" value=\"20\" \/><input type=\"hidden\" name=\"_wpcf7_version\" value=\"6.1.4\" \/><input type=\"hidden\" name=\"_wpcf7_locale\" value=\"fi\" \/><input type=\"hidden\" name=\"_wpcf7_unit_tag\" value=\"wpcf7-f20-o1\" \/><input type=\"hidden\" name=\"_wpcf7_container_post\" value=\"0\" \/><input type=\"hidden\" name=\"_wpcf7_posted_data_hash\" value=\"\" \/><input type=\"hidden\" name=\"_wpcf7_recaptcha_response\" value=\"\" \/>\n<\/fieldset>\n<p><label> Nimi (pakollinen)<br \/>\n<span class=\"wpcf7-form-control-wrap\" data-name=\"your-name\"><input size=\"40\" maxlength=\"400\" class=\"wpcf7-form-control wpcf7-text wpcf7-validates-as-required\" aria-required=\"true\" aria-invalid=\"false\" value=\"\" type=\"text\" name=\"your-name\" \/><\/span> <\/label>\n<\/p>\n<p><label> Puhelinnumero<br \/>\n<span class=\"wpcf7-form-control-wrap\" data-name=\"tel-158\"><input size=\"40\" maxlength=\"400\" class=\"wpcf7-form-control wpcf7-tel wpcf7-text wpcf7-validates-as-tel\" aria-invalid=\"false\" value=\"\" type=\"tel\" name=\"tel-158\" \/><\/span> <\/label>\n<\/p>\n<p><label> S\u00e4hk\u00f6posti (pakollinen)<br \/>\n<span class=\"wpcf7-form-control-wrap\" data-name=\"your-email\"><input size=\"40\" maxlength=\"400\" class=\"wpcf7-form-control wpcf7-email wpcf7-validates-as-required wpcf7-text wpcf7-validates-as-email\" aria-required=\"true\" aria-invalid=\"false\" value=\"\" type=\"email\" name=\"your-email\" \/><\/span> <\/label>\n<\/p>\n<p><label> Kohde<br \/>\n<span class=\"wpcf7-form-control-wrap\" data-name=\"your-subject\"><input size=\"40\" maxlength=\"400\" class=\"wpcf7-form-control wpcf7-text\" aria-invalid=\"false\" value=\"\" type=\"text\" name=\"your-subject\" \/><\/span> <\/label>\n<\/p>\n<p><label> Tarjouspyynt\u00f6<br \/>\n<span class=\"wpcf7-form-control-wrap\" data-name=\"your-message\"><textarea cols=\"40\" rows=\"10\" maxlength=\"2000\" class=\"wpcf7-form-control wpcf7-textarea\" aria-invalid=\"false\" name=\"your-message\"><\/textarea><\/span> <\/label>\n<\/p>\n<p><span id=\"wpcf7-69e612f0e947c-wrapper\" class=\"wpcf7-form-control-wrap email-874-wrap\" style=\"display:none !important; visibility:hidden !important;\"><label for=\"wpcf7-69e612f0e947c-field\" class=\"hp-message\">Please leave this field empty.<\/label><input id=\"wpcf7-69e612f0e947c-field\"  class=\"wpcf7-form-control wpcf7-text\" type=\"text\" name=\"email-874\" value=\"\" size=\"40\" tabindex=\"-1\" autocomplete=\"new-password\" \/><\/span>\n<\/p>\n<p><input class=\"wpcf7-form-control wpcf7-submit has-spinner\" type=\"submit\" value=\"L\u00e4het\u00e4\" \/>\n<\/p><div class=\"wpcf7-response-output\" aria-hidden=\"true\"><\/div>\n<\/form>\n<\/div>\n[\/et_pb_code][\/et_pb_column][et_pb_column type=&#8221;1_2&#8243; _builder_version=&#8221;4.16&#8243; custom_padding=&#8221;|||&#8221; global_colors_info=&#8221;{}&#8221; custom_padding__hover=&#8221;|||&#8221;][et_pb_map address=&#8221;Karsolantie 14, 32210 Loimaa, Finland&#8221; address_lat=&#8221;60.858135&#8243; address_lng=&#8221;22.9630426&#8243; _builder_version=&#8221;4.21.0&#8243; _module_preset=&#8221;default&#8221; custom_padding=&#8221;51px|||||&#8221; hover_enabled=&#8221;0&#8243; global_colors_info=&#8221;{}&#8221; sticky_enabled=&#8221;0&#8243;][et_pb_map_pin title=&#8221;Konifloor&#8221; pin_address=&#8221;Karsolantie 14, 32210 Loimaa, Finland&#8221; _builder_version=&#8221;4.21.0&#8243; _module_preset=&#8221;default&#8221; global_colors_info=&#8221;{}&#8221; hover_enabled=&#8221;0&#8243; sticky_enabled=&#8221;0&#8243; pin_address_lat=&#8221;60.858135&#8243; pin_address_lng=&#8221;22.9630426&#8243;][\/et_pb_map_pin][\/et_pb_map][\/et_pb_column][\/et_pb_row][\/et_pb_section]<\/p>\n","protected":false},"excerpt":{"rendered":"<p>Koni floor Oy K\u00e4yntiosoite: Karsolantie 14, 32210 Loimaa Puhelin 040 151 7752 niko.sainio@konifloor.fi Otamme vastaan ainoastaan verkkolaskuja. Alla olevasta linkist\u00e4 l\u00f6ytyy verkkolaskutustiedot Verkkolaskutiedot \n<div class=\"wpcf7 no-js\" id=\"wpcf7-f20-o2\" lang=\"fi\" dir=\"ltr\" data-wpcf7-id=\"20\">\n<div class=\"screen-reader-response\"><p role=\"status\" aria-live=\"polite\" aria-atomic=\"true\"><\/p> <ul><\/ul><\/div>\n<form action=\"\/index.php?rest_route=%2Fwp%2Fv2%2Fpages%2F13#wpcf7-f20-o2\" method=\"post\" class=\"wpcf7-form init\" aria-label=\"Yhteydenottolomake\" novalidate=\"novalidate\" data-status=\"init\">\n<fieldset class=\"hidden-fields-container\"><input type=\"hidden\" name=\"_wpcf7\" value=\"20\" \/><input type=\"hidden\" name=\"_wpcf7_version\" value=\"6.1.4\" \/><input type=\"hidden\" name=\"_wpcf7_locale\" value=\"fi\" \/><input type=\"hidden\" name=\"_wpcf7_unit_tag\" value=\"wpcf7-f20-o2\" \/><input type=\"hidden\" name=\"_wpcf7_container_post\" value=\"0\" \/><input type=\"hidden\" name=\"_wpcf7_posted_data_hash\" value=\"\" \/><input type=\"hidden\" name=\"_wpcf7_recaptcha_response\" value=\"\" \/>\n<\/fieldset>\n<p><label> Nimi (pakollinen)<br \/>\n<span class=\"wpcf7-form-control-wrap\" data-name=\"your-name\"><input size=\"40\" maxlength=\"400\" class=\"wpcf7-form-control wpcf7-text wpcf7-validates-as-required\" aria-required=\"true\" aria-invalid=\"false\" value=\"\" type=\"text\" name=\"your-name\" \/><\/span> <\/label>\n<\/p>\n<p><label> Puhelinnumero<br \/>\n<span class=\"wpcf7-form-control-wrap\" data-name=\"tel-158\"><input size=\"40\" maxlength=\"400\" class=\"wpcf7-form-control wpcf7-tel wpcf7-text wpcf7-validates-as-tel\" aria-invalid=\"false\" value=\"\" type=\"tel\" name=\"tel-158\" \/><\/span> <\/label>\n<\/p>\n<p><label> S\u00e4hk\u00f6posti (pakollinen)<br \/>\n<span class=\"wpcf7-form-control-wrap\" data-name=\"your-email\"><input size=\"40\" maxlength=\"400\" class=\"wpcf7-form-control wpcf7-email wpcf7-validates-as-required wpcf7-text wpcf7-validates-as-email\" aria-required=\"true\" aria-invalid=\"false\" value=\"\" type=\"email\" name=\"your-email\" \/><\/span> <\/label>\n<\/p>\n<p><label> Kohde<br \/>\n<span class=\"wpcf7-form-control-wrap\" data-name=\"your-subject\"><input size=\"40\" maxlength=\"400\" class=\"wpcf7-form-control wpcf7-text\" aria-invalid=\"false\" value=\"\" type=\"text\" name=\"your-subject\" \/><\/span> <\/label>\n<\/p>\n<p><label> Tarjouspyynt\u00f6<br \/>\n<span class=\"wpcf7-form-control-wrap\" data-name=\"your-message\"><textarea cols=\"40\" rows=\"10\" maxlength=\"2000\" class=\"wpcf7-form-control wpcf7-textarea\" aria-invalid=\"false\" name=\"your-message\"><\/textarea><\/span> <\/label>\n<\/p>\n<p><span id=\"wpcf7-69e612f0efdac-wrapper\" class=\"wpcf7-form-control-wrap email-874-wrap\" style=\"display:none !important; visibility:hidden !important;\"><label for=\"wpcf7-69e612f0efdac-field\" class=\"hp-message\">Please leave this field empty.<\/label><input id=\"wpcf7-69e612f0efdac-field\"  class=\"wpcf7-form-control wpcf7-text\" type=\"text\" name=\"email-874\" value=\"\" size=\"40\" tabindex=\"-1\" autocomplete=\"new-password\" \/><\/span>\n<\/p>\n<p><input class=\"wpcf7-form-control wpcf7-submit has-spinner\" type=\"submit\" value=\"L\u00e4het\u00e4\" \/>\n<\/p><div class=\"wpcf7-response-output\" aria-hidden=\"true\"><\/div>\n<\/form>\n<\/div>\n<\/p>\n","protected":false},"author":1,"featured_media":0,"parent":0,"menu_order":0,"comment_status":"closed","ping_status":"closed","template":"","meta":{"_et_pb_use_builder":"on","_et_pb_old_content":"<div id=\"pl-13\"  class=\"panel-layout\" ><div id=\"pg-13-0\"  class=\"panel-grid panel-no-style\"  data-style=\"{&quot;background_display&quot;:&quot;tile&quot;,&quot;cell_alignment&quot;:&quot;flex-start&quot;}\" ><div id=\"pgc-13-0-0\"  class=\"panel-grid-cell\"  data-weight=\"0.38196600790794\" ><div id=\"panel-13-0-0-0\" class=\"so-panel widget widget_text panel-first-child panel-last-child\" data-index=\"0\" data-style=\"{&quot;background_display&quot;:&quot;tile&quot;}\" ><h3 class=\"widget-title\">Koni Floor Oy<\/h3>\t\t\t<div class=\"textwidget\"><p>Pistotie 5<br>\n32200 Loimaa<\/p>\n\n<p>Puhelin 040 151 7752<br>\n<a href=\"mailto:niko.sainio@konifloor.fi\">niko.sainio@konifloor.fi<\/a><\/p>\n\n<p><a href=\"#\" class=\"popmake-tarjouspyynto tarjouspyynto\">&gt; Avaa tarjouspyynt\u00f6-lomake<\/a><\/p><\/div>\n\t\t<\/div><\/div><div id=\"pgc-13-0-1\"  class=\"panel-grid-cell\"  data-weight=\"0.61803399209206\" ><div id=\"panel-13-0-1-0\" class=\"so-panel widget widget_wpgmza_map_widget wpgmza_widget panel-first-child panel-last-child\" data-index=\"1\" data-style=\"{&quot;background_display&quot;:&quot;tile&quot;}\" >\n                \n            <div id=\"wpgmza_map\"  style=\"display:block; overflow:auto; width:100%; height:400px; float:left;\">\n            \n            <\/div>\n        <\/div><\/div><\/div><\/div>","_et_gb_content_width":"","footnotes":""},"class_list":["post-13","page","type-page","status-publish","hentry"],"yoast_head":"<!-- This site is optimized with the Yoast SEO plugin v26.8 - https:\/\/yoast.com\/product\/yoast-seo-wordpress\/ -->\n<title>Yhteydenotto, tarjouspyynt\u00f6-lomake - Koni Floor Oy<\/title>\n<meta name=\"description\" content=\"Ota yhteytt\u00e4 Koni Flooriin ja suunnitellaan yhdess\u00e4 t\u00e4ydellinen lattiaratkaisu tarpeisiisi. J\u00e4t\u00e4 tarjouspyynt\u00f6 lomakkeella tai ota yhteytt\u00e4 s\u00e4hk\u00f6postilla.\" \/>\n<meta name=\"robots\" content=\"index, follow, max-snippet:-1, max-image-preview:large, max-video-preview:-1\" \/>\n<link rel=\"canonical\" href=\"https:\/\/www.konifloor.fi\/?page_id=13\" \/>\n<meta property=\"og:locale\" content=\"fi_FI\" \/>\n<meta property=\"og:type\" content=\"article\" \/>\n<meta property=\"og:title\" content=\"Yhteydenotto, tarjouspyynt\u00f6-lomake - Koni Floor Oy\" \/>\n<meta property=\"og:description\" content=\"Ota yhteytt\u00e4 Koni Flooriin ja suunnitellaan yhdess\u00e4 t\u00e4ydellinen lattiaratkaisu tarpeisiisi. J\u00e4t\u00e4 tarjouspyynt\u00f6 lomakkeella tai ota yhteytt\u00e4 s\u00e4hk\u00f6postilla.\" \/>\n<meta property=\"og:url\" content=\"https:\/\/www.konifloor.fi\/?page_id=13\" \/>\n<meta property=\"og:site_name\" content=\"Koni Floor Oy\" \/>\n<meta property=\"article:modified_time\" content=\"2026-01-27T09:09:51+00:00\" \/>\n<meta name=\"twitter:card\" content=\"summary_large_image\" \/>\n<meta name=\"twitter:label1\" content=\"Arvioitu lukuaika\" \/>\n\t<meta name=\"twitter:data1\" content=\"1 minuutti\" \/>\n<script type=\"application\/ld+json\" class=\"yoast-schema-graph\">{\"@context\":\"https:\/\/schema.org\",\"@graph\":[{\"@type\":\"WebPage\",\"@id\":\"https:\/\/www.konifloor.fi\/?page_id=13\",\"url\":\"https:\/\/www.konifloor.fi\/?page_id=13\",\"name\":\"Yhteydenotto, tarjouspyynt\u00f6-lomake - Koni Floor Oy\",\"isPartOf\":{\"@id\":\"https:\/\/www.konifloor.fi\/#website\"},\"datePublished\":\"2017-05-17T10:02:18+00:00\",\"dateModified\":\"2026-01-27T09:09:51+00:00\",\"description\":\"Ota yhteytt\u00e4 Koni Flooriin ja suunnitellaan yhdess\u00e4 t\u00e4ydellinen lattiaratkaisu tarpeisiisi. J\u00e4t\u00e4 tarjouspyynt\u00f6 lomakkeella tai ota yhteytt\u00e4 s\u00e4hk\u00f6postilla.\",\"breadcrumb\":{\"@id\":\"https:\/\/www.konifloor.fi\/?page_id=13#breadcrumb\"},\"inLanguage\":\"fi\",\"potentialAction\":[{\"@type\":\"ReadAction\",\"target\":[\"https:\/\/www.konifloor.fi\/?page_id=13\"]}]},{\"@type\":\"BreadcrumbList\",\"@id\":\"https:\/\/www.konifloor.fi\/?page_id=13#breadcrumb\",\"itemListElement\":[{\"@type\":\"ListItem\",\"position\":1,\"name\":\"Home\",\"item\":\"https:\/\/www.konifloor.fi\/\"},{\"@type\":\"ListItem\",\"position\":2,\"name\":\"Yhteystiedot\"}]},{\"@type\":\"WebSite\",\"@id\":\"https:\/\/www.konifloor.fi\/#website\",\"url\":\"https:\/\/www.konifloor.fi\/\",\"name\":\"Koni Floor Oy\",\"description\":\"Lattiaty\u00f6t kotiin, teollisuuteen ja risteilij\u00f6ihin\",\"publisher\":{\"@id\":\"https:\/\/www.konifloor.fi\/#organization\"},\"potentialAction\":[{\"@type\":\"SearchAction\",\"target\":{\"@type\":\"EntryPoint\",\"urlTemplate\":\"https:\/\/www.konifloor.fi\/?s={search_term_string}\"},\"query-input\":{\"@type\":\"PropertyValueSpecification\",\"valueRequired\":true,\"valueName\":\"search_term_string\"}}],\"inLanguage\":\"fi\"},{\"@type\":\"Organization\",\"@id\":\"https:\/\/www.konifloor.fi\/#organization\",\"name\":\"Koni Floor Oy\",\"url\":\"https:\/\/www.konifloor.fi\/\",\"logo\":{\"@type\":\"ImageObject\",\"inLanguage\":\"fi\",\"@id\":\"https:\/\/www.konifloor.fi\/#\/schema\/logo\/image\/\",\"url\":\"https:\/\/www.konifloor.fi\/wp-content\/uploads\/2017\/05\/koni_floor_logo_web.png\",\"contentUrl\":\"https:\/\/www.konifloor.fi\/wp-content\/uploads\/2017\/05\/koni_floor_logo_web.png\",\"width\":325,\"height\":71,\"caption\":\"Koni Floor Oy\"},\"image\":{\"@id\":\"https:\/\/www.konifloor.fi\/#\/schema\/logo\/image\/\"}}]}<\/script>\n<!-- \/ Yoast SEO plugin. -->","yoast_head_json":{"title":"Yhteydenotto, tarjouspyynt\u00f6-lomake - Koni Floor Oy","description":"Ota yhteytt\u00e4 Koni Flooriin ja suunnitellaan yhdess\u00e4 t\u00e4ydellinen lattiaratkaisu tarpeisiisi. J\u00e4t\u00e4 tarjouspyynt\u00f6 lomakkeella tai ota yhteytt\u00e4 s\u00e4hk\u00f6postilla.","robots":{"index":"index","follow":"follow","max-snippet":"max-snippet:-1","max-image-preview":"max-image-preview:large","max-video-preview":"max-video-preview:-1"},"canonical":"https:\/\/www.konifloor.fi\/?page_id=13","og_locale":"fi_FI","og_type":"article","og_title":"Yhteydenotto, tarjouspyynt\u00f6-lomake - Koni Floor Oy","og_description":"Ota yhteytt\u00e4 Koni Flooriin ja suunnitellaan yhdess\u00e4 t\u00e4ydellinen lattiaratkaisu tarpeisiisi. J\u00e4t\u00e4 tarjouspyynt\u00f6 lomakkeella tai ota yhteytt\u00e4 s\u00e4hk\u00f6postilla.","og_url":"https:\/\/www.konifloor.fi\/?page_id=13","og_site_name":"Koni Floor Oy","article_modified_time":"2026-01-27T09:09:51+00:00","twitter_card":"summary_large_image","twitter_misc":{"Arvioitu lukuaika":"1 minuutti"},"schema":{"@context":"https:\/\/schema.org","@graph":[{"@type":"WebPage","@id":"https:\/\/www.konifloor.fi\/?page_id=13","url":"https:\/\/www.konifloor.fi\/?page_id=13","name":"Yhteydenotto, tarjouspyynt\u00f6-lomake - Koni Floor Oy","isPartOf":{"@id":"https:\/\/www.konifloor.fi\/#website"},"datePublished":"2017-05-17T10:02:18+00:00","dateModified":"2026-01-27T09:09:51+00:00","description":"Ota yhteytt\u00e4 Koni Flooriin ja suunnitellaan yhdess\u00e4 t\u00e4ydellinen lattiaratkaisu tarpeisiisi. J\u00e4t\u00e4 tarjouspyynt\u00f6 lomakkeella tai ota yhteytt\u00e4 s\u00e4hk\u00f6postilla.","breadcrumb":{"@id":"https:\/\/www.konifloor.fi\/?page_id=13#breadcrumb"},"inLanguage":"fi","potentialAction":[{"@type":"ReadAction","target":["https:\/\/www.konifloor.fi\/?page_id=13"]}]},{"@type":"BreadcrumbList","@id":"https:\/\/www.konifloor.fi\/?page_id=13#breadcrumb","itemListElement":[{"@type":"ListItem","position":1,"name":"Home","item":"https:\/\/www.konifloor.fi\/"},{"@type":"ListItem","position":2,"name":"Yhteystiedot"}]},{"@type":"WebSite","@id":"https:\/\/www.konifloor.fi\/#website","url":"https:\/\/www.konifloor.fi\/","name":"Koni Floor Oy","description":"Lattiaty\u00f6t kotiin, teollisuuteen ja risteilij\u00f6ihin","publisher":{"@id":"https:\/\/www.konifloor.fi\/#organization"},"potentialAction":[{"@type":"SearchAction","target":{"@type":"EntryPoint","urlTemplate":"https:\/\/www.konifloor.fi\/?s={search_term_string}"},"query-input":{"@type":"PropertyValueSpecification","valueRequired":true,"valueName":"search_term_string"}}],"inLanguage":"fi"},{"@type":"Organization","@id":"https:\/\/www.konifloor.fi\/#organization","name":"Koni Floor Oy","url":"https:\/\/www.konifloor.fi\/","logo":{"@type":"ImageObject","inLanguage":"fi","@id":"https:\/\/www.konifloor.fi\/#\/schema\/logo\/image\/","url":"https:\/\/www.konifloor.fi\/wp-content\/uploads\/2017\/05\/koni_floor_logo_web.png","contentUrl":"https:\/\/www.konifloor.fi\/wp-content\/uploads\/2017\/05\/koni_floor_logo_web.png","width":325,"height":71,"caption":"Koni Floor Oy"},"image":{"@id":"https:\/\/www.konifloor.fi\/#\/schema\/logo\/image\/"}}]}},"_links":{"self":[{"href":"https:\/\/www.konifloor.fi\/index.php?rest_route=\/wp\/v2\/pages\/13","targetHints":{"allow":["GET"]}}],"collection":[{"href":"https:\/\/www.konifloor.fi\/index.php?rest_route=\/wp\/v2\/pages"}],"about":[{"href":"https:\/\/www.konifloor.fi\/index.php?rest_route=\/wp\/v2\/types\/page"}],"author":[{"embeddable":true,"href":"https:\/\/www.konifloor.fi\/index.php?rest_route=\/wp\/v2\/users\/1"}],"replies":[{"embeddable":true,"href":"https:\/\/www.konifloor.fi\/index.php?rest_route=%2Fwp%2Fv2%2Fcomments&post=13"}],"version-history":[{"count":41,"href":"https:\/\/www.konifloor.fi\/index.php?rest_route=\/wp\/v2\/pages\/13\/revisions"}],"predecessor-version":[{"id":7076,"href":"https:\/\/www.konifloor.fi\/index.php?rest_route=\/wp\/v2\/pages\/13\/revisions\/7076"}],"wp:attachment":[{"href":"https:\/\/www.konifloor.fi\/index.php?rest_route=%2Fwp%2Fv2%2Fmedia&parent=13"}],"curies":[{"name":"wp","href":"https:\/\/api.w.org\/{rel}","templated":true}]}}